ctors of r(1).
2, 3, 5
Let y(s) = -s**3 - 7*s**2 - 3*s - 6. Suppose -4*z + 176 = 8. Suppose 22*v - 16*v + z = 0. List the prime factors of y(v).
3, 5
Let a(i) = 89*i**2 + 5*i - 18. List the prime factors of a(8).
2, 3, 953
Suppose 4*o = 5*w - 21, -12 = 3*w - 5*w - 2*o. Suppose -w*z = 3*z - 2696. List the prime factors of z.
337
What are the prime factors of -12 - 231712/((-52)/4)?
2, 61, 73
Let a(c) = -4*c**3 - 2*c**2 + 6*c + 3. Let v be a(-4). Let f = v + -123. Suppose 0 = f*j - 83*j + 177. What are the prime factors of j?
59
Let l be (1 - (5 - 3)) + 16. Suppose 0 = -5*v + l, 5*m + v - 276 = 4*m. What are the prime factors of m?
3, 7, 13
Let a = 386 - 348. Let l = a + 24. What are the prime factors of l?
2, 31
Suppose -50990 = -1378*y + 1373*y. List the prime factors of y.
2, 5099
Suppose -99*a + 911863 = -68945 + 510. List the prime factors of a.
2, 4951
Let l(b) = -b**3 + 15*b**2 + 20*b - 61. Let g be l(16). Suppose 3*j + 2205 = 3*h, 5*h + g*j - 3677 = 7*j. List the prime factors of h.
11, 67
Let q = -4 - -4. Suppose 120*j + 80 = 116*j. What are the prime factors of q - -37 - (20 + j)?
37
Let y be 3*(1 - (-2548)/21). Suppose -373 = -20*o + y. What are the prime factors of o?
37
Let a be ((96/(-15))/4)/((-50)/125). Suppose -a*y = -1653 - 435. What are the prime factors of y?
2, 3, 29
Let o be 61/(-5)*-2*(-5)/(-2). Suppose -5*t - 91 = -2*l, -o = -2*l + t + 26. Suppose -3*p + l = 1. What are the prime factors of p?
2, 7
Let y(h) = 188*h - 2*h**2 + 151 - 98*h + h**3 - 93*h - 35. List the prime factors of y(0).
2, 29
Suppose -28 = -2*y - 24. Suppose 26*u - 30*u - y*i = -1278, 2*i - 1597 = -5*u. List the prime factors of u.
11, 29
Suppose -5*i = -3*h + 71, -2*i - 86 = -4*h - 4*i. Suppose 236 + 94 = h*z. List the prime factors of z.
3, 5
Let u(s) = -45*s**3 - s**2 - 3*s - 1. Let i(m) = -m**3 + 9*m**2 - 8*m - 1. Let v be i(8). Let x be 1*(-2)/(-2)*v. What are the prime factors of u(x)?
2, 23
Suppose 129*c + 93794 = 175*c. List the prime factors of c.
2039
Suppose 2*v = -2*y + 1372, -465 - 1594 = -3*y - 4*v. List the prime factors of y.
5, 137
Suppose -8*w = -5*w + r - 7264, 5*w - r = 12104. List the prime factors of w.
3, 269
Let m(w) = -w**3 + 7*w**2 + 10*w - 3. Let v be m(8). Suppose 0 = 7*b - v*b - 420. What are the prime factors of (b/30)/((-3)/216)?
2, 3, 7
Let a = 380 + -380. Suppose -25 = -5*n, a = 5*i + 5*n - 521 - 3154. What are the prime factors of i?
2, 5, 73
Suppose -9881*g + 67176 + 175372 = -9877*g. What are the prime factors of g?
60637
Let t = -592 + 595. List the prime factors of 336/24*(t - 2)*31.
2, 7, 31
Let n be -39*2/9*15/10. What are the prime factors of (-1)/(n/4236) + 8/52?
2, 163
Suppose 243*f - 189*f + 4157824 = 142*f. List the prime factors of f.
2, 2953
Let b(w) be the first derivative of 13*w**3/6 + 37*w**2/2 - 7*w - 47. Let s(p) be the first derivative of b(p). What are the prime factors of s(6)?
5, 23
Let p be 14 + (-2)/(-6)*-3. Let x = p + -9. Suppose -3*v + 295 = x*w, 5*v = -w + 6*w - 325. What are the prime factors of w?
2, 5, 7
Let t(g) = 3*g**2 + 9*g + 498. Let c(k) = k**2 + 4*k + 249. Let u(f) = 5*c(f) - 2*t(f). Suppose 0 = -1743*r + 1749*r. What are the prime factors of u(r)?
3, 83
Let s = 44 + -39. Suppose 68 = -s*v - f, -2*f - 38 = 2*v + 2*f. Let i = -10 - v. What are the prime factors of i?
3
Let m = 27234 + 26934. What are the prime factors of m?
2, 3, 37, 61
Suppose -3*f - 5*l + 46778 = 0, -2*l - 5742 + 21332 = f. List the prime factors of f.
2, 3, 17
Let o = 648 + -658. What are the prime factors of (-4)/o - 165943/(-155)?
3, 7, 17
Suppose 0 = 3*w + 3, 5*t - 2*w + 3*w = 189. Let l(j) = -10*j - 6. Let y be l(-4). Let v = y + t. What are the prime factors of v?
2, 3
Let c = -20257 - -41220. What are the prime factors of c?
20963
Let n = 1427 - 1419. Suppose -5 = -4*h + 15. Suppose -n = h*b - 553. List the prime factors of b.
109
Suppose 5 = -2*k + 15. Suppose -3*d = -2*y + 22 - 3, 0 = -k*d - 15. Suppose -y*t + 3*t = 3*w - 206, t - 103 = -5*w. What are the prime factors of t?
103
Let w(l) = 19*l**2 - 54*l - 2568. What are the prime factors of w(-41)?
5, 6317
Let y(l) = -109*l - 1993. What are the prime factors of y(-43)?
2, 3, 449
Let b(v) = -38*v**3 + 2*v**2 - 14*v - 20. List the prime factors of b(-5).
2, 5, 97
Let c be 1/((7/(-42))/((-2)/12)). Let n be c + 6/(-3) + 15. Suppose -235 = -n*q + 9*q. What are the prime factors of q?
47
Let h be (-3)/15 + (-101)/(-5). Suppose 0 = 3*l + 2*l - h, 0 = 2*d + 2*l - 1616. List the prime factors of d.
2, 3, 67
Suppose 3*s - 221454 = 3*q, -4*s + 10*q - 12*q + 295236 = 0. List the prime factors of s.
2, 3, 6151
Suppose 38*r - 46605 = -14*r + 96499. What are the prime factors of r?
2, 43
Suppose -74 = -5*g + 6. Suppose -b + 4*o + 15 + g = 0, 5*o = -b + 58. Suppose -2*a - 32 = -2*q, a - 7 = 2*q - b. What are the prime factors of q?
2, 5
Let u(r) = 2*r**3 + 4*r + 2. Let m be u(3). Let j be 2 + (-144)/m - (-21730)/34. Let l = j + -451. What are the prime factors of l?
2, 47
Suppose 40305 = 15*f - 61890. Suppose 17*s = 8*s + f. List the prime factors of s.
757
Let v(q) = -3*q**2 - 37*q + 13. Let n(t) = 9*t**2 + 110*t - 35. Let x(f) = 6*n(f) + 17*v(f). What are the prime factors of x(-24)?
5, 199
Suppose 0 = -14*i + 23*i + 72. List the prime factors of 381/6 + (12/i - -2).
2
Let s(j) = -946*j + 83. Let c(t) = 189*t - 16. Let l(g) = 11*c(g) + 2*s(g). List the prime factors of l(5).
5, 37
List the prime factors of 12537 - (6/7 - (-1102)/(-812))*4.
12539
Let u(r) = -r**2 - r + 99. Let i be u(0). Suppose 175 = -1208*j + 1209*j. Let a = j - i. List the prime factors of a.
2, 19
Let t = 55 - 55. Suppose t = 11*z - 3712 - 1139. List the prime factors of z.
3, 7
What are the prime factors of 10/(50/5765) - 14?
17, 67
Suppose 4*g - 3*b = 5581 + 13287, -3*g = -b - 14146. What are the prime factors of g?
2, 2357
Let m(o) = -23*o - 6. Let t(l) = -22*l - 6. Let u(a) = -5*m(a) + 6*t(a). Let k(s) = -6*s - 2. Let x(w) = -14*k(w) + 4*u(w). List the prime factors of x(1).
2, 5
Suppose -f = 17*f - 180. Suppose -19*h - f*h + 5365 = 0. List the prime factors of h.
5, 37
Let a be (12/(-18) - 6)/(4/18). Let c = -3 - a. List the prime factors of 2/((-6)/c)*76/(-6).
2, 3, 19
Suppose 2*a - 20 = -28. Let s be (1 - 8/a) + -28. Let b = 35 + s. What are the prime factors of b?
2, 5
Suppose 5*j - 30 = 0, -5*r + 138212 = -337*j + 334*j. What are the prime factors of r?
2, 23, 601
Let v = 635 + -479. Suppose -173*u + 8636 = -v*u. List the prime factors of u.
2, 127
Suppose 4*z - l - 45 - 35 = 0, 3*l = 0. Let x = z + 283. List the prime factors of x.
3, 101
Let u(r) = 1338*r - 2231. What are the prime factors of u(8)?
37, 229
Suppose 5*y + 5*v = 20330, 3*y + 11*v - 16*v = 12158. List the prime factors of y.
31, 131
Let d(l) = -l + 11. Suppose 3*u + 1 + 4 = 5*s, 0 = 4*u + 4*s - 4. Suppose 3*q - 7 = n, -2*n + 2*q - 14 = -u*q. What are the prime factors of d(n)?
2, 3
Let l be (-519)/(-27) + (-2)/9. Suppose 16*n - l*n - 63 = 0. List the prime factors of 1 - -1 - (20 + n).
3
Let p(q) = -702*q + 2205. What are the prime factors of p(-78)?
3, 6329
Let j be 0/((-4)/20 + (-28)/10). Suppose b - 24 = -4*y, 0 = -2*y - j*b + 5*b - 10. Suppose y*n = 6*n - 103. What are the prime factors of n?
103
What are the prime factors of ((-31)/(496/(-8960)))/(2 - (-216)/(-111))?
2, 5, 7, 37
Suppose 0 = -8*x + 36 - 60. What are the prime factors of ((-27400)/12)/10*x?
5, 137
Suppose 38 = -3*s + 50. Suppose s*a = 0, 3*n - 5*a = -15 + 552. List the prime factors of n.
179
List the prime factors of 150*(13888/70)/8.
2, 3, 5, 31
List the prime factors of -5 + 11/3 - 166878/(-54).
3089
Let l = 348 - -2215. Let f = -1320 + l. List the prime factors of f.
11, 113
What are the prime factors of -7819*(-17 - -15 - (2 + 66/(-21)))?
2, 3, 1117
Let y(x) = -2*x**2 + 14*x + 2. Let l be y(10). Let d = -56 - l. Suppose -d*z - 1127 = -9*z. What are the prime factors of z?
7, 23
Suppose -4*g - 2032 = -4*v, -853 = -5*v - 2*g + 1694. Let n = 132 + v. What are the prime factors of n?
641
Let d = -290 - -11712. List the prime factors of d.
2, 5711
Let r(g) = 452 - 456 - 14*g - 3*g**3 - 2*g**2 - 4*g**2. What are the prime factors of r(-3)?
5, 13
Let c(o) = -o**3 + 9*o**2 - 3*o + 30. Let m be c(9). Let k = 423 - m. What are the prime factors of k?
2, 3,